0 = 4*r - r + 1125. Let x be (r/6)/(1/(-2)). Suppose -541 = -8*q - x. List the prime factors of q.
2, 13
Let c be 13 + (-259)/21*-39. Suppose -2*s + 3*s = -273. Let l = c + s. List the prime factors of l.
13, 17
Let d(y) = -13*y**2 - 3*y + 10. Let g be d(3). Let q = g - -217. What are the prime factors of q?
101
What are the prime factors of (10/8)/((39/(-51864))/(-13))?
2, 5, 2161
Suppose 2762642 = 80*w - 3084878. List the prime factors of w.
2, 7, 23, 227
Let n be 10/(-8)*2*-2. Suppose -3*a = -r + 146, 55 = r + n*a - 59. Suppose 6*b - 8*b + r = 0. What are the prime factors of b?
67
Let k = 84043 + -59464. List the prime factors of k.
3, 2731
Suppose -22598 = -2*k + 2*n, -18*k + n + 45214 = -14*k. List the prime factors of k.
5, 7, 17, 19
Let g = 100 - 227. Let b be ((-432)/(-288))/(3/(-542)). Let m = g - b. List the prime factors of m.
2, 3
Suppose 0 = -5*x + 3*l - 426, -x - 85 = 4*l + 14. List the prime factors of x/(2 - (-39)/(-15)).
5, 29
Let c be (-38)/(-8) - -2*(-6)/(-48). Suppose 30 - 10 = -c*r. What are the prime factors of ((-12)/18)/(r/(-6)) + 136?
3, 5
Let a = 107 - 111. Let u(t) = 2*t**2 + 3*t - 2. Let p be u(a). Let z = 13 + p. List the prime factors of z.
31
Suppose 47*y - 6 = 44*y. Let v(t) = -17*t**2 + 83*t**y + 3 - 29*t**2 - 21*t**2 - 3*t. What are the prime factors of v(2)?
61
Suppose 93 = -y - 3*c + 113, 0 = y - 2*c. Let u(j) = j**3 - 3*j**2 - 2. Let k be u(3). List the prime factors of k/y + (5 - 2910/(-24)).
2, 3, 7
What are the prime factors of 3/(27300/4548 + -6)?
3, 379
Suppose 25*z - 7*z = -8*z + 1112254. What are the prime factors of z?
11, 3889
Let c be 2*(-2)/4 - 1. What are the prime factors of (-462)/(c - (-28)/21)?
3, 7, 11
Suppose -826855 - 1532579 = -77*k. List the prime factors of k.
2, 3, 5107
Suppose 0 = 2*c - 0 - 10. Let w be (4*c/(-10))/(-1). Suppose m - 4*m - 607 = -5*s, -s + w*m + 120 = 0. List the prime factors of s.
2, 61
What are the prime factors of (-1205778)/(-494) - 1*4/(-26)?
2441
Suppose 0 = 3*t - 2*x + 164, 3*t + 194 = 4*x + 22. Let m = t + 56. Let g(j) = 3*j**3 - 2*j**2 + 4*j - 5. What are the prime factors of g(m)?
3, 19
Suppose 115*x = 145*x - 1021140. What are the prime factors of x?
2, 3, 31, 61
What are the prime factors of (-1 + -5409)/(208 - 209)?
2, 5, 541
Suppose 49 = -5*g - 731. Let n = g + 434. What are the prime factors of n?
2, 139
Suppose 30 + 58 = 4*b. Let n(m) = 2*m**2 - 9*m - 5*m + 8*m + b. List the prime factors of n(9).
2, 5, 13
Suppose -z - 3 - 1 = 0. Let w(v) = -2*v**3 - 5*v**2 + 6*v + 12. Let g be w(z). Let m = g - -81. List the prime factors of m.
3, 13
Suppose -2*x = -2*y - 14, 29 - 1 = 5*x + 2*y. Let n(p) = 3*p + 1. Let l(t) = -19*t - 12. Let c(f) = -l(f) - 2*n(f). List the prime factors of c(x).
2, 11
Let g = 2899 + 30244. What are the prime factors of g?
11, 23, 131
List the prime factors of ((-552)/(-36) - (5/3)/5)*625.
3, 5
Let i(a) = 30*a**2 + 324*a + 10. List the prime factors of i(-11).
2, 19
Suppose -140*t + 149460 = -34*t. What are the prime factors of t?
2, 3, 5, 47
Suppose 4*r = -2*o + 79330, 5*r - 5*o = 72051 + 27104. What are the prime factors of r?
2, 37, 67
Let x = 17730 + -11923. What are the prime factors of x?
5807
Suppose -4*h - 78*a = -83*a - 50265, -62805 = -5*h + a. List the prime factors of h.
2, 5, 157
Suppose 0 = -12*p - 65 + 1625. What are the prime factors of p/(-1)*(-540)/150?
2, 3, 13
Let q be 1*(4 + -6) + -4. Let p be (-5)/10*q + -4. List the prime factors of (0/2 - 148)*p.
2, 37
Let b be 25686/19 + (-10)/(-95). Suppose 5*g = b + 28. What are the prime factors of g?
2, 3, 23
Let c(i) = 12*i - 17. Let j(v) = 13*v - 27. Let y(n) = 6*c(n) - 5*j(n). Let r(o) = 6*o**3 - o**2. Let t be r(1). List the prime factors of y(t).
2, 17
Suppose a + 3*a + x - 314 = 0, 5*a - 5*x = 380. Let b be (a/10)/(5/25). Let o = 62 + b. List the prime factors of o.
101
Let a = 20335 - 11649. What are the prime factors of a?
2, 43, 101
Suppose 3*b - 36 - 29 = -2*q, -3*b = 4*q - 127. Let p = q - 29. Suppose 2*a + 165 = p*n - a, 2*n + 4*a = 186. What are the prime factors of n?
3, 29
Let n = -194 + 215. Suppose -n*l + 3660 - 405 = 0. List the prime factors of l.
5, 31
Let d = -686 - -688. Suppose s = d*u - u - 797, 4*s - 1570 = -2*u. What are the prime factors of u?
13, 61
Suppose -w - 5 = -2*a + 3, -3*a - 3*w + 30 = 0. Suppose -776 = -a*f + 376. What are the prime factors of f?
2, 3
Let h(u) = 4*u**2 - 8*u + 573. List the prime factors of h(-34).
3, 1823
List the prime factors of 23406/16 - 30/(-160)*(-4)/(-6).
7, 11, 19
Let m(t) = 8*t + 28. Let n be m(-11). Let s = -57 - n. Suppose 0*z = -2*h + s*z + 240, -3*h + 373 = 2*z. List the prime factors of h.
3, 41
Let q = 6061 + -1588. What are the prime factors of q?
3, 7, 71
Let v = -13506 - -19267. List the prime factors of v.
7, 823
Let l be (0 + 111/(-6))*2. Let g = l + 41. Suppose -6*m + 293 = -2*m + 5*a, -4*m = -g*a - 284. List the prime factors of m.
2, 3
Let g(h) = -h**3 + h + 2. Let y be g(0). Suppose 3 = y*i + 19. Let l(x) = -2*x**3 - 16*x**2 - 13*x - 9. What are the prime factors of l(i)?
5, 19
Let j = -48 - -33. Suppose -2*g = 2*m - 4, -17*g + m + 4 = -21*g. What are the prime factors of (-388)/(-15) + g/j?
2, 13
Let q(f) = -12*f + 36. Let h be q(2). List the prime factors of -5 - 1714*(42/h - 4).
2, 3, 71
Let r(w) = -6*w**3 + 14*w**2 + 6*w - 69. What are the prime factors of r(-16)?
5, 11, 509
Suppose -66 + 50 = -4*d. Suppose 4*w + 2*l - 12 = 0, -36 = -d*w + 3*l + l. Suppose w*r - 4*b - 412 = 0, -4*b = 2*r - 140 - 36. List the prime factors of r.
2, 3, 7
Let w = -6271 + 11351. What are the prime factors of w?
2, 5, 127
Suppose 4*b + 80 = -0*q - 2*q, -b - 5*q - 11 = 0. Let y = -15 - b. List the prime factors of (-12)/8*(-12)/y.
3
Suppose 12*y - 79 = -43. Suppose -2*s = -0*o - 3*o - 463, 4*o = -y*s + 720. What are the prime factors of s?
2, 59
Let u(y) = y**2 - 6*y + 10. Let i be 0 + 5 + 25 + -25. Let d be u(i). Suppose d*a + 379 = 4*t, 0*t - 3*a = 2*t - 217. What are the prime factors of t?
101
Let o(w) be the third derivative of 3*w**5/20 - w**4/12 + w**3/6 - 2*w**2. Suppose 0 = 10*t - 14*t - q - 12, 2*q + 8 = 0. List the prime factors of o(t).
41
Let w = 12279 + -7058. List the prime factors of w.
23, 227
Let v(n) = n**2 - 4*n - 10. Let o be v(5). List the prime factors of o + 1 + (-620)/(-5).
2, 3, 5
Let o = 41677 + -27535. What are the prime factors of o?
2, 3, 2357
Let i be (20/(-6))/(16/(-24)). Suppose 4*t = i*b + 1177, 3*t - 4*b + 6*b = 854. List the prime factors of t.
2, 3
Let i = -24 + 27. Suppose 2*o + i*v + 2*v - 167 = 0, 5*o = v + 350. What are the prime factors of o + -4*3/(-12)?
2, 3
Let h(z) = 112*z - 2. Let f be h(23). Suppose -5*s = -f + 804. List the prime factors of s.
2, 3, 59
Let m(b) = b**3 + b**2 + 72. Let x(f) be the second derivative of -f**3/6 + 2*f**2 - 10*f. Let s be x(4). What are the prime factors of m(s)?
2, 3
Let z be 9/12*(-47 - 1). Let y = 1534 + -1589. Let u = z - y. What are the prime factors of u?
19
Let u = -30 + 33. Suppose -3*g = -4*w - 751, -723 = -0*g - 3*g - u*w. Let m = -172 + g. What are the prime factors of m?
73
Let o be 6 + (-7 - -5) + 736. Let s = -364 + o. List the prime factors of s.
2, 47
Let y(z) = -8*z**2 - 122*z - 2. Let x(s) = 7*s**2 + 123*s. Let r(t) = -5*x(t) - 4*y(t). List the prime factors of r(-38).
2, 251
Let g(x) be the first derivative of -2*x**2 + 29 + 5*x - 5 + 5*x - 5*x**2. List the prime factors of g(-7).
2, 3
Let k(z) = 3*z**2 + z**2 - 11 + 3*z**2 + z**3. Let u(l) = 2*l**3 + 37*l**2 - 59*l + 15. Let o be u(-20). List the prime factors of k(o).
3, 13
Suppose 2*z = 5*i - 8, 10 - 1 = 2*i + 5*z. Suppose -2*w + 1780 = -i*b, -5*w - 6*b + 4442 = -3*b. List the prime factors of w.
7, 127
Suppose -354*o + 356*o + 117665 = 5*f, 4*o = 3*f - 70613. What are the prime factors of f?
23531
Let b be 4800/90*(-21)/(-4). Suppose -2*q - b = 4*k + 286, -4*q = k + 124. Let w = 392 + k. List the prime factors of w.
2, 31
Suppose 63*u - 110*u = -18565. List the prime factors of u.
5, 79
Suppose 5*h - 11*o = -15*o + 20108, -20126 = -5*h + 2*o. What are the prime factors of h?
2, 503
Suppose 0 = x + 230 - 230. Suppose -2*b = 2*s + 4, -2*b - 4*s + 0 - 8 = x. Suppose -4*h + 3*i = -b*h - 753, -h + i = -188. List the prime factors of h.
3, 7
Let x(i) = 52*i**2 - 46